m = n + i. What are the prime factors of m?
7
What are the prime factors of (1 + -2)*(-6 - 19)?
5
Let j be (2 - 1) + 1 + 7. Let b be 10/(-45) - (-2)/j. Suppose b = -4*x - x + 20. What are the prime factors of x?
2
Let j = -14 - -16. What are the prime factors of j?
2
Let h(c) = 9*c - 5. What are the prime factors of h(7)?
2, 29
Suppose -r = 4*j + 23, 0*j - 2*j = 3*r + 29. Let w(o) = o**2 + 5*o + 5. What are the prime factors of w(r)?
19
Let c(o) = o**3 + 14*o**2 + 6*o + 18. List the prime factors of c(-13).
109
Let u be (41*(-2 + 1))/1. Let z = u + 20. Let c = z + 37. What are the prime factors of c?
2
List the prime factors of ((-195)/9)/5*-15.
5, 13
Suppose -2*m - 28 = 3*x + 65, 0 = -5*x + m - 142. Let u = 20 + x. Let o = u + 17. List the prime factors of o.
2
Let t be 105 + (0 + 1)*-3. List the prime factors of ((-4)/(-2))/(12/t).
17
Let f(p) = p**3 - 7*p**2 - 8*p + 11. Let m(c) = -6*c**3 + 34*c**2 + 41*c - 56. Let i = 2 + -4. Let k(z) = i*m(z) - 11*f(z). What are the prime factors of k(-8)?
7
Let w(t) = t. Let b be w(6). Let v(r) = 9 + 2*r**3 - 7*r + 13*r**2 - 6*r**2 - 6*r**3 + 3*r**3. What are the prime factors of v(b)?
3
Suppose 0 = -3*n + 23 - 5. What are the prime factors of (0 - n)*3/(-2)?
3
Let b be (-2 + (-56)/6)*-3. Let o = -23 + b. What are the prime factors of o?
11
Let w(r) = r**2 - 6*r - 16. What are the prime factors of w(11)?
3, 13
Suppose 4*z - 3*q - 9 - 6 = 0, 4*q + 20 = -5*z. Suppose z*n - 14 = -n. List the prime factors of n.
2, 7
Let s(v) = v + 4. Let k be s(0). Suppose -k = -2*q + q. Suppose -l = -x + 9, x = 3*x - q*l - 16. List the prime factors of x.
2, 5
Let j be 3 + -6 + (4 - 1). Suppose j*w = w + 3. List the prime factors of 52/10 - w/(-15).
5
Suppose 0 = 3*z + 4 - 10. Suppose 9*t - 4*t + 71 = -z*k, -t + 2*k = 19. Let g = -5 - t. List the prime factors of g.
2, 5
Let x(i) = -i**3 - 7*i**2 - i - 1. Let a be x(-6). Let s = a + 51. What are the prime factors of s?
2, 5
Suppose -23*z + 15*z = -88. What are the prime factors of z?
11
Let f(g) = 0*g**2 + 7*g + 0*g**3 - g**3 - 9*g**2 - 7. What are the prime factors of f(-10)?
23
Suppose -l + 1 = -6. Let y = l + -4. List the prime factors of y.
3
Let g = 14 + -29. Let k be (g/(-10))/(2/(-4)). Let f = k - -13. List the prime factors of f.
2, 5
Let s(x) = x**3 - 7*x**2 + 3*x - 6. Let g be s(7). Let a be 4/10 - 381/g. Let v = a - -35. What are the prime factors of v?
2, 5
Let w(z) = -36*z. List the prime factors of w(-2).
2, 3
Let n(o) = o**3 + 18. Let g be n(0). Suppose z - g = -z. List the prime factors of z.
3
Let d = -97 + 167. What are the prime factors of d?
2, 5, 7
Let o = 4 - 0. Suppose u + u = 18. Suppose o*i + u - 33 = 0. List the prime factors of i.
2, 3
Let v be (-6)/9 - 22/(-6). Suppose 0 = -v*a + 2*a + 36. Let h = a - 26. List the prime factors of h.
2, 5
Suppose -5*i - 5*w - 10 = 0, 3*i + 5*w = -i - 13. Let q(c) = -c**2 - 4*c. Let m be q(-4). Let x = i - m. What are the prime factors of x?
3
Let c(m) = -2*m - 1. Let z be -1*-2*(-3)/(-6). Let g be c(z). What are the prime factors of 9 + (-1 - g/1)?
11
Let h(f) = 8*f**3 + 3*f**2 - 2*f + 2. Let a be h(2). Let w = -23 + a. List the prime factors of w.
3, 17
Let u(p) be the third derivative of -p**6/30 + p**5/30 + p**4/24 - p**2. Let m be u(-1). Suppose -15 - 5 = -m*b. List the prime factors of b.
2
Let o be 8/16 - (-1)/(-2). Let u(j) = -j**2 + 9. What are the prime factors of u(o)?
3
Let r(f) = f**3 - 12*f**2 - f + 16. Let a be r(12). Suppose a*c - 4 = 8. Let k = c - -1. What are the prime factors of k?
2
Suppose -4*s + 6*s - 154 = 0. What are the prime factors of s?
7, 11
Let v be (-114)/(-15) + (-2)/(-5). Let o be 4/v + (-1)/2. Suppose -3*h - 4*w + 19 = -2, -h - 3*w + 12 = o. What are the prime factors of h?
3
Let y be 0 + (-2 - -3 - -1). Suppose -s + 4*b = -4*s + 27, y*b + 9 = s. What are the prime factors of s?
3
Suppose -2*a - 6 + 10 = 0. Suppose -a*g - 16 = -104. List the prime factors of g.
2, 11
Let s = 65 - 111. Let h = 71 + s. List the prime factors of h.
5
Let t(u) = u**3 + 10*u**2 - 3*u + 9. Let b be 20/(-3)*9/6. What are the prime factors of t(b)?
3, 13
Suppose 0 = -i - 5*s + 49, -i + 81 = 13*s - 16*s. List the prime factors of i.
3, 23
Let s(f) = 7*f - 6. Let w be s(6). Suppose -2*l = l - w. What are the prime factors of l?
2, 3
Let m(l) = -20*l**3 - 2*l**2. What are the prime factors of m(-2)?
2, 19
Let z(v) = 2*v**2 + 8*v - 11. Let m be 1 + 5/((-5)/8). List the prime factors of z(m).
31
Let x = -48 + 67. List the prime factors of x.
19
Let c(t) = t - 1. Let x(p) = -2*p**2 + 4*p + 2. Let b(y) = -3*c(y) - x(y). What are the prime factors of b(5)?
2
Suppose 4*i - 13 = -3*l, -6 = -2*l - 2*i + 4. Suppose -18 = -o - 2*p, -4*o - 5*p = -l - 68. List the prime factors of o.
2, 5
Let a(c) = 2*c + 14. Let h(b) be the third derivative of b**4/8 + 5*b**3/2 + 2*b**2. Let o(w) = 4*a(w) - 3*h(w). List the prime factors of o(0).
11
Let c be 0/((-4)/(6/3)). Let j = 16 + c. What are the prime factors of j?
2
Let a = -1 - 6. Let q = -12 - a. Let h(m) = -m**3 - 5*m**2 - 2*m. List the prime factors of h(q).
2, 5
Let a be 0 + (-2*1 - 0). Let v(k) = -3*k. Let u be v(-2). Let g = a + u. List the prime factors of g.
2
Suppose -13 = -f + 84. List the prime factors of f.
97
Let x(o) = -12*o + 2. Let s be x(-4). Suppose 6*u - s = u. What are the prime factors of 2/(-10) + 122/u?
2, 3
Let y(b) = 5*b**2 + 5*b + 21. Let g(o) = -9*o**2 - 10*o - 41. Let q(i) = 6*g(i) + 11*y(i). What are the prime factors of q(11)?
3, 17
Let n(o) = 64*o**2 + 1. What are the prime factors of n(-1)?
5, 13
Suppose 49 = 5*o + c, -2*c + 5*c = o - 13. Let r = 0 - 3. What are the prime factors of o/(r/(2 - 5))?
2, 5
Suppose 119 = -3*r - i, -5*r + i = 6*i + 195. Let a = -18 - r. List the prime factors of a.
2, 11
Suppose -3*u + 156 = u. Suppose 2*z = -8, -2*z - u = -3*o + 8. List the prime factors of o.
13
List the prime factors of ((-6)/4)/(5/(-30)).
3
Suppose -3 = 3*q + 57. Let t = q - -35. List the prime factors of t.
3, 5
Let j be 3/5 - 248/(-20). Suppose -j = -0*i - i. List the prime factors of i.
13
Suppose -187 = -3*l + 173. Suppose -5*f + 25 = l. Let h = -11 - f. List the prime factors of h.
2
Let x be -6 + (0 - (-1 - 1)). Let p(q) = q - 5. Let m be p(3). Let c = m - x. What are the prime factors of c?
2
Suppose 245 = 5*w + 30. Let v = w + -30. List the prime factors of v.
13
Suppose -3*g + 2*p = -77, -p = -2*g - 2*p + 42. Let n = g - 7. List the prime factors of n.
2
Suppose 2*v + 15 = 39. List the prime factors of v.
2, 3
Let i = -5 + 3. Let o(c) = -3*c**3 + 2*c**2 + 6*c - 3. Let z(m) = m**3 - m + 1. Let p(f) = -o(f) - 4*z(f). What are the prime factors of p(i)?
3
Let f = 6 + -6. Let r = 5 + -3. Suppose f*k - 4*v = -k + 13, r*k - 3*v = 16. List the prime factors of k.
5
Suppose 0 = s - 3*m - 8 + 1, -4*s - 4*m = -12. Suppose 0 = -2*c - 3*j + 32, -s*c + 14 = -2*j - 18. List the prime factors of c.
2, 5
What are the prime factors of (-164)/8*-2*1?
41
Let u be 4/(2 + (1 - 1)). Let k be (u - -15)*(2 - 1). Let h = k - 9. What are the prime factors of h?
2
Let y = 577 + -398. List the prime factors of y.
179
Suppose 0 = z - 199 + 64. List the prime factors of z.
3, 5
Suppose -2*m = -8*m + 438. What are the prime factors of m?
73
Let a = 415 - 248. What are the prime factors of a?
167
Suppose 30 = 5*k - 65. List the prime factors of k.
19
Suppose -257 = -3*o + 19. What are the prime factors of o?
2, 23
Let p(a) = -a + 10. Let m be p(8). Suppose -i + 35 = -m*x, -i + 0*x + 5*x = -44. What are the prime factors of i?
29
Let x be (3 - 2)*(-6)/(-2). Suppose -12 = -k + b, -5*k + b + 66 = 2*b. Suppose k = 4*m + x*g + 5, 0 = m - 2*g - 13. What are the prime factors of m?
5
Suppose -5*v + 3*f + 2*f = -15, 0 = -2*v - 4*f + 30. Suppose -27 = -2*y + v. List the prime factors of y.
17
Let v be 3/(1/(2/2)). Suppose 0 = v*k + 6 - 15. Suppose -2*a + 39 = 5*x, -x + k*a + 10 = -8. List the prime factors of x.
3
Let f = 35 + -23. What are the prime factors of f?
2, 3
Let t = 40 + -86. Let m = -17 - t. What are the prime factors of m?
29
Suppose 3*i - f - 3*f - 12 = 0, -4*i = -f - 16. What are the prime factors of i?
2
Let k(g) = g**2 - 11*g - 8. List the prime factors of k(12).
2
Let h be -1 + 1 + 1 + -1. Suppose 2*p - 10 = -h*p. Suppose 2*t - p = -1. List the prime fac